i**2 - 3*i. Let v be p(-6). Let t = v - 5. What are the prime factors of t?
17
Let h = -17 - -20. Suppose 4*g - 140 = -h*g. List the prime factors of g.
2, 5
Let a be 2 + (0 + -2 - 0). Let t = -5 + 8. Suppose l - t - 1 = a. What are the prime factors of l?
2
Let s(l) = l**2 + 2 + 4*l - 3 + 7 + 0. List the prime factors of s(-5).
11
Let y = 1 - -3. Suppose -4*t - y = -524. List the prime factors of t/14 + 6/(-21).
3
Let c(y) = y + 3. Let n be c(6). Suppose 0 = -5*b - n + 59. What are the prime factors of 12/(-30) + 34/b?
3
Suppose 3*l = 25 + 17. Suppose 5*t - 2*y - 2 = 0, -2*t + 4*y + 2 - l = 0. Let x(m) = m**2 - m. What are the prime factors of x(t)?
2
Let h(z) = 32*z - 26. Let s be (-6)/(-9) + (-16)/(-3). Let j(l) = -11*l + 9. Let x(i) = s*h(i) + 17*j(i). What are the prime factors of x(3)?
2, 3
Suppose 0 = 2*c - 6*f + 2*f - 54, -50 = -2*c + 5*f. What are the prime factors of c?
5, 7
Let r(f) = 4*f + 5. What are the prime factors of r(2)?
13
What are the prime factors of 40*-1*(-3)/3?
2, 5
Suppose -2*h = 5*y + 4 + 8, -h + y + 8 = 0. Suppose 0 = -4*d, -s + h*d = -d - 34. List the prime factors of s.
2, 17
Let n(t) = -t**3 + 3*t**2 + t - 2. Let g be n(3). List the prime factors of (5 - g)/(8/8).
2
Let x(m) = -2 - m + 2*m + 3 + 2*m**3. Let r be x(-1). Let q = r + 4. What are the prime factors of q?
2
Let d be -1 - (-4*1)/2. Let x(m) = 5*m**2 - 2*m + 1. Let h be x(d). Let j(l) = l + 5. What are the prime factors of j(h)?
3
Let f = 0 + 22. What are the prime factors of f?
2, 11
Let i be 6/(-27) - 1086/(-27). Suppose -3*h = -2*n - 2*n - 51, 4*h + 4*n = i. What are the prime factors of h?
13
Let d(b) = 8*b - 15. Let f be d(10). Suppose -4*u - 13 + f = 0. What are the prime factors of u?
13
Let u be (30/9)/(2/3). Suppose -u*s + 112 = -s. List the prime factors of s.
2, 7
Let w(v) = v**2 + v + 19. List the prime factors of w(0).
19
List the prime factors of (63/(-6))/(-2 + 33/18).
3, 7
Let y(i) = i**3 + i**2 + 10*i**2 + 2*i**2 - 12*i**2 - 3. What are the prime factors of y(3)?
3, 11
Let f = -6 - -6. Let u(t) = 6*t**2 + t + 2. Let n be u(-3). Suppose f = 4*o + z - n, 1 = -2*o - z + 6*z. List the prime factors of o.
2, 3
Let u(m) = -m - 5. Let j be u(-6). Let y = 4 - j. Suppose 0 = y*a - a - 18. List the prime factors of a.
3
List the prime factors of (-513)/(-99) + (-4)/22.
5
List the prime factors of ((-16)/20)/((-6)/285).
2, 19
Suppose -2*y = 4*o - 3*y + 9, -2*y = -4*o - 10. Let c be o + -1 - (14 - -3). Let w = 34 + c. List the prime factors of w.
2, 7
Suppose -4*h + 122 = t + 4*t, -2*h + 50 = -3*t. Let j = 0 + h. List the prime factors of j.
2, 7
Suppose s = 3*s - 5*o - 13, 3*o + 8 = s. Let q be 0 + 3/(-3) + 0. What are the prime factors of (-11 + q + -2)/s?
2, 7
Let n(f) = -f**3 - 8*f**2 - 10*f + 1. Let h be n(-7). Let r = -12 + h. What are the prime factors of r?
2, 5
Let i(w) = w. Let n be i(5). Suppose -3*c - y + 76 = -1, -2*y - 110 = -n*c. Suppose -4*h + c = j, 2*h - 24 = -2*h - 4*j. List the prime factors of h.
2, 3
Suppose -290 = -4*l - 14. List the prime factors of l.
3, 23
Let s(z) be the second derivative of z**5/20 + 7*z**4/12 + 2*z**3/3 + z**2/2 - 6*z. List the prime factors of s(-6).
13
Suppose 0*g + 4*g - q = 437, 133 = g - 5*q. What are the prime factors of g?
2, 3
List the prime factors of 565/2 - (15/(-10) + 0).
2, 71
Suppose 4*y + 19 - 171 = 4*g, -2*y + 3*g + 78 = 0. Let d = -16 + y. List the prime factors of d.
2, 5
Let p = -15 + 21. Suppose -2*b - 25 = -3*h, 0*h = h - 3*b - p. What are the prime factors of h?
3
Suppose -r = -3*i, 0 = i - 3*i. List the prime factors of -1 + r + 5 + 8.
2, 3
Let o = 9 + -16. Let t(x) = x**3 + 8*x**2 + x + 8. Let n be t(-8). Let b = n - o. List the prime factors of b.
7
Let n(w) = -w + 1. Let x be n(-1). Suppose -2*u - 4*o - 5 - 1 = 0, x*o = 5*u - 33. Let a = 14 - u. What are the prime factors of a?
3
Let y be 6/8 - 8170/(-40). Suppose -3*n = 2*n - y. List the prime factors of n.
41
Suppose u = 74 - 32. What are the prime factors of u?
2, 3, 7
Let u(v) be the first derivative of -v**2/2 - 3. Let y be u(-5). List the prime factors of -1 - 4/(-2)*y.
3
Let s = 14 - -19. List the prime factors of s.
3, 11
Let f = 169 + -112. List the prime factors of ((-8)/(-12))/(2/f).
19
Let g(v) = 5*v - 15. Let b(k) = -k + 3. Let o(l) = 11*b(l) + 2*g(l). Let d be o(5). Let q = 8 + d. List the prime factors of q.
2, 3
Let u(l) = l**3 + 6*l**2 - 1. Let r be u(-6). Let m be r*1/(1 + 0). Let g = 2 - m. List the prime factors of g.
3
Let i(n) = 2*n + 3. Let c be i(-6). Let k(q) = q + 22. List the prime factors of k(c).
13
Suppose -5*d - 5*j = -20, -d + 0*j + 5 = 2*j. Suppose d*q + 8 = 7*q. Suppose -q*w = -3 - 5. List the prime factors of w.
2
Suppose 5*d + 201 = 721. What are the prime factors of d?
2, 13
Let k = 11 - 13. List the prime factors of (k - (-6 - -3)) + 24.
5
Suppose -3089 - 1755 = -14*j. List the prime factors of j.
2, 173
Suppose -4*k - 45 = k. List the prime factors of (-114)/(-9)*k/(-6).
19
Let u(z) = -z**2 - 6*z + 4. Let a(h) = -h**3 - h**2 + h - 8. Let x be a(0). Let j = x - -2. List the prime factors of u(j).
2
Let d = -2 + 1. Let u = 2 + d. Suppose -2*q + 11 = u, q - 9 = -2*o. What are the prime factors of o?
2
Suppose 3*j = -6, -5*j + 0*j = z - 47. List the prime factors of z.
3, 19
Suppose 0 = 3*j, h = -2*h + 2*j + 873. List the prime factors of h.
3, 97
Let y(w) = w**2 + 5*w. Let m be y(-5). Suppose m = -5*c - 11 + 101. List the prime factors of c.
2, 3
Suppose o = -2*v + 33, 0 = -4*v + o - 6*o + 75. List the prime factors of v.
3, 5
Suppose -39*h + 40*h = 88. List the prime factors of h.
2, 11
Suppose -2*a + 3*a - 18 = 5*r, -4*a + 4*r = -40. List the prime factors of a.
2
Let b(s) = s**3 - 3*s**2 + s - 1. Let z = 2 + 0. Let c be b(z). What are the prime factors of 3 + c/6*-10?
2
Let k(q) = -12*q + 1. List the prime factors of k(-3).
37
Suppose 451 = -2*o - u + 1171, 3*u - 716 = -2*o. What are the prime factors of o?
19
Let p(g) = g - 7. Let a be p(5). Let j = a + 14. What are the prime factors of j?
2, 3
Let q(x) = -5*x - 17. List the prime factors of q(-9).
2, 7
Let n(p) be the second derivative of -p**4/2 - p**3/3 + p. Let t be n(2). Let r = -12 - t. What are the prime factors of r?
2
Suppose 0 = j + 3*g - 44, 2*g - 41 = j - 2*j. Let h = -23 + j. What are the prime factors of h?
2, 3
Suppose 2 = 2*n - 28. Let o = 45 - n. What are the prime factors of o?
2, 3, 5
Let q = 11 - 8. Suppose 5*u + 2*j - 105 = 0, -q*u + 3*j + 63 = -j. List the prime factors of u.
3, 7
Let u(g) = -g**3 + 2*g**2 + 4*g + 6. Let s(h) = h + 1. Let n(f) = 6*s(f) - u(f). Let i be n(2). Suppose i*r - 7 - 13 = 0. List the prime factors of r.
5
Let k = -13 - -22. Suppose -k = 3*y, -3*u + 2*y + 84 = -6. What are the prime factors of u?
2, 7
Let z = 15 + 9. Suppose -5*r + 4*v = -z - 2, v = -3*r + 19. List the prime factors of r.
2, 3
Suppose -3*p + 3*b = 6, 10 = 2*p + 2*p + 2*b. List the prime factors of (p*-1)/(4/(-52)).
13
Let j(u) = -u**3 + 3*u**2 + 4*u - 3. What are the prime factors of j(3)?
3
Let z(m) = -m. Let t be -3*(-1 - 14/(-6)). Let o be z(t). List the prime factors of ((-5)/2)/((-2)/o).
5
Suppose 0 = 5*z - z + 4*o - 264, -72 = -z - 4*o. Suppose 5*y - 26 - z = 0. What are the prime factors of y?
2, 3
Suppose 2 = s + 1. Suppose -28 = -3*g - s. List the prime factors of g.
3
Suppose -4*v - j = 2*j + 33, j - 27 = 5*v. What are the prime factors of 81/6*v/(-9)?
3
Let j = 36 - 11. List the prime factors of j.
5
Suppose 0 = -8*c + 3*c - 4*o + 238, 0 = -2*c - 5*o + 102. List the prime factors of c.
2, 23
Let y(i) = -3*i + 4. Let f be y(-4). Suppose o = -3*o + f. List the prime factors of o.
2
Let m(i) = -i**3 + 7*i**2 + 3*i - 14. What are the prime factors of m(7)?
7
Let s = -11 - -6. Let x = 13 - s. What are the prime factors of x?
2, 3
Let u be 188/(-10)*15/(-6). Let v = u - 14. List the prime factors of v.
3, 11
Let f = 48 + -22. Suppose -f - 2 = -2*n. List the prime factors of n.
2, 7
Let p be (-5)/2*(2 - 4). Suppose -g + 12 = -p*c, g = -2*c + 4*c + 6. Suppose 9 - 2 = g*w + 3*n, -2*w + 9 = n. List the prime factors of w.
5
Let q = -31 - -116. What are the prime factors of q?
5, 17
Let x be (2 + (-2)/2)*-3. Let b(k) = 6*k - 2*k + k**3 - 2*k + 4*k**2. What are the prime factors of b(x)?
3
Suppose -3*w = -0*w. Suppose w = 